{"id":36,"date":"2021-12-06T20:47:41","date_gmt":"2021-12-06T19:47:41","guid":{"rendered":"https:\/\/playaltyria.fr\/?page_id=36"},"modified":"2024-05-15T14:35:14","modified_gmt":"2024-05-15T12:35:14","slug":"telecharger-les-chroniques-daltyria","status":"publish","type":"page","link":"https:\/\/playaltyria.fr\/index.php\/telecharger-les-chroniques-daltyria\/","title":{"rendered":"T\u00e9l\u00e9charger"},"content":{"rendered":"\n<h2 class=\"wp-block-heading\">T\u00e9l\u00e9chargement direct<\/h2>\n\n\n\n<p>La version MAC \u00e9tant plus ancienne pour le moment, veuillez privil\u00e9gier la version WINDOWS.<\/p>\n\n\n\n<div class=\"wp-block-columns is-layout-flex wp-container-core-columns-is-layout-9d6595d7 wp-block-columns-is-layout-flex\">\n<div class=\"wp-block-column is-layout-flow wp-block-column-is-layout-flow\">\n<h3 class=\"wp-block-heading has-text-align-center\">Windows<\/h3>\n\n\n\n<p class=\"has-text-align-center has-small-font-size\"><em>Version <\/em>2.1.1<\/p>\n<\/div>\n\n\n\n<div class=\"wp-block-column is-layout-flow wp-block-column-is-layout-flow\">\n<h3 class=\"wp-block-heading has-text-align-center\">MAC<\/h3>\n\n\n\n<p class=\"has-text-align-center has-small-font-size\"> <em>Version 1.1<\/em><\/p>\n<\/div>\n\n\n\n<div class=\"wp-block-column is-layout-flow wp-block-column-is-layout-flow\">\n<h3 class=\"wp-block-heading has-text-align-center\">Android<\/h3>\n\n\n\n<p class=\"has-text-align-center has-small-font-size\"> <em>Version 2.1<\/em><\/p>\n<\/div>\n<\/div>\n\n\n\n<div class=\"wp-block-columns is-layout-flex wp-container-core-columns-is-layout-9d6595d7 wp-block-columns-is-layout-flex\">\n<div class=\"wp-block-column is-layout-flow wp-block-column-is-layout-flow\"><div class=\"wp-block-image is-resized\">\n<figure class=\"aligncenter size-large\"><img loading=\"lazy\" decoding=\"async\" width=\"1024\" height=\"935\" src=\"https:\/\/playaltyria.fr\/wp-content\/uploads\/2021\/12\/Symbole-Windows-1024x935.png\" alt=\"windows\" class=\"wp-image-37\" style=\"width:93px;height:auto\" srcset=\"https:\/\/playaltyria.fr\/wp-content\/uploads\/2021\/12\/Symbole-Windows-1024x935.png 1024w, https:\/\/playaltyria.fr\/wp-content\/uploads\/2021\/12\/Symbole-Windows-300x274.png 300w, https:\/\/playaltyria.fr\/wp-content\/uploads\/2021\/12\/Symbole-Windows-768x701.png 768w, https:\/\/playaltyria.fr\/wp-content\/uploads\/2021\/12\/Symbole-Windows-1536x1402.png 1536w, https:\/\/playaltyria.fr\/wp-content\/uploads\/2021\/12\/Symbole-Windows-2048x1870.png 2048w, https:\/\/playaltyria.fr\/wp-content\/uploads\/2021\/12\/Symbole-Windows-1183x1080.png 1183w\" sizes=\"auto, (max-width: 1024px) 100vw, 1024px\" \/><\/figure>\n<\/div>\n\n\n<div style=\"height:27px\" aria-hidden=\"true\" class=\"wp-block-spacer\"><\/div>\n\n\n\n<div class=\"wp-block-buttons is-content-justification-center is-layout-flex wp-container-core-buttons-is-layout-16018d1d wp-block-buttons-is-layout-flex\">\n<div class=\"wp-block-button has-custom-width wp-block-button__width-75\"><a class=\"wp-block-button__link has-white-color has-black-background-color has-text-color has-background has-text-align-center wp-element-button\" href=\"https:\/\/www.mediafire.com\/file\/utn31oeofc7u2c3\/Altyria_Windows.zip\/file\" style=\"border-radius:33px\" target=\"_blank\" rel=\"noreferrer noopener\">T\u00e9l\u00e9charger (.zip)<\/a><\/div>\n<\/div>\n<\/div>\n\n\n\n<div class=\"wp-block-column is-layout-flow wp-block-column-is-layout-flow\"><div class=\"wp-block-image is-resized\">\n<figure class=\"aligncenter size-large\"><img loading=\"lazy\" decoding=\"async\" width=\"1024\" height=\"576\" src=\"https:\/\/playaltyria.fr\/wp-content\/uploads\/2021\/12\/Apple-Logo-1024x576.png\" alt=\"mac\" class=\"wp-image-38\" style=\"width:149px;height:auto\" srcset=\"https:\/\/playaltyria.fr\/wp-content\/uploads\/2021\/12\/Apple-Logo-1024x576.png 1024w, https:\/\/playaltyria.fr\/wp-content\/uploads\/2021\/12\/Apple-Logo-300x169.png 300w, https:\/\/playaltyria.fr\/wp-content\/uploads\/2021\/12\/Apple-Logo-768x432.png 768w, https:\/\/playaltyria.fr\/wp-content\/uploads\/2021\/12\/Apple-Logo-1536x864.png 1536w, https:\/\/playaltyria.fr\/wp-content\/uploads\/2021\/12\/Apple-Logo-2048x1152.png 2048w, https:\/\/playaltyria.fr\/wp-content\/uploads\/2021\/12\/Apple-Logo-1920x1080.png 1920w\" sizes=\"auto, (max-width: 1024px) 100vw, 1024px\" \/><\/figure>\n<\/div>\n\n\n<div style=\"height:27px\" aria-hidden=\"true\" class=\"wp-block-spacer\"><\/div>\n\n\n\n<div class=\"wp-block-buttons is-content-justification-center is-layout-flex wp-container-core-buttons-is-layout-16018d1d wp-block-buttons-is-layout-flex\">\n<div class=\"wp-block-button has-custom-width wp-block-button__width-75\"><a class=\"wp-block-button__link has-white-color has-black-background-color has-text-color has-background wp-element-button\" href=\"https:\/\/playaltyria.fr\/index.php\/telechargement-et-instructions-dinstallation-mac\/\" style=\"border-radius:33px\">T\u00e9l\u00e9charger (.dmg)<\/a><\/div>\n<\/div>\n<\/div>\n\n\n\n<div class=\"wp-block-column is-layout-flow wp-block-column-is-layout-flow\"><div class=\"wp-block-image\">\n<figure class=\"aligncenter size-full is-resized\"><img loading=\"lazy\" decoding=\"async\" width=\"207\" height=\"243\" src=\"https:\/\/playaltyria.fr\/wp-content\/uploads\/2024\/05\/images.png\" alt=\"\" class=\"wp-image-160\" style=\"width:72px;height:auto\"\/><\/figure>\n<\/div>\n\n\n<div style=\"height:27px\" aria-hidden=\"true\" class=\"wp-block-spacer\"><\/div>\n\n\n\n<div class=\"wp-block-buttons is-content-justification-center is-layout-flex wp-container-core-buttons-is-layout-16018d1d wp-block-buttons-is-layout-flex\">\n<div class=\"wp-block-button has-custom-width wp-block-button__width-75\"><a class=\"wp-block-button__link has-black-background-color has-background has-text-align-center wp-element-button\" href=\"https:\/\/www.mediafire.com\/file\/op94ualnplsra2g\/Altyria.apk\/file\" target=\"_blank\" rel=\"noreferrer noopener\">T\u00e9l\u00e9charger (.apk)<\/a><\/div>\n<\/div>\n<\/div>\n<\/div>\n\n\n\n<div style=\"height:42px\" aria-hidden=\"true\" class=\"wp-block-spacer\"><\/div>\n\n\n\n<h2 class=\"wp-block-heading\">T\u00e9l\u00e9chargement via plateformes<\/h2>\n\n\n\n<p>Sur Steam : <em>prochainement<\/em><\/p>\n\n\n\n<p>Sur Itch.io : <em>prochainement<\/em><\/p>\n","protected":false},"excerpt":{"rendered":"<p>T\u00e9l\u00e9chargement direct La version MAC \u00e9tant plus ancienne pour le moment, veuillez privil\u00e9gier la version WINDOWS. Windows Version 2.1.1 MAC Version 1.1 Android Version 2.1 T\u00e9l\u00e9chargement via plateformes Sur Steam : prochainement Sur Itch.io : prochainement<\/p>\n","protected":false},"author":1,"featured_media":0,"parent":0,"menu_order":0,"comment_status":"closed","ping_status":"closed","template":"","meta":{"om_disable_all_campaigns":false,"_mi_skip_tracking":false,"footnotes":""},"class_list":["post-36","page","type-page","status-publish","hentry"],"_links":{"self":[{"href":"https:\/\/playaltyria.fr\/index.php\/wp-json\/wp\/v2\/pages\/36","targetHints":{"allow":["GET"]}}],"collection":[{"href":"https:\/\/playaltyria.fr\/index.php\/wp-json\/wp\/v2\/pages"}],"about":[{"href":"https:\/\/playaltyria.fr\/index.php\/wp-json\/wp\/v2\/types\/page"}],"author":[{"embeddable":true,"href":"https:\/\/playaltyria.fr\/index.php\/wp-json\/wp\/v2\/users\/1"}],"replies":[{"embeddable":true,"href":"https:\/\/playaltyria.fr\/index.php\/wp-json\/wp\/v2\/comments?post=36"}],"version-history":[{"count":30,"href":"https:\/\/playaltyria.fr\/index.php\/wp-json\/wp\/v2\/pages\/36\/revisions"}],"predecessor-version":[{"id":167,"href":"https:\/\/playaltyria.fr\/index.php\/wp-json\/wp\/v2\/pages\/36\/revisions\/167"}],"wp:attachment":[{"href":"https:\/\/playaltyria.fr\/index.php\/wp-json\/wp\/v2\/media?parent=36"}],"curies":[{"name":"wp","href":"https:\/\/api.w.org\/{rel}","templated":true}]}}